20010
-1376 (base 14) to base 3
-11201021
Convert -4331 (base 9) to base 16.
-c73
What is -24021 (base 5) in base 8?
-3341
8b27 (base 15) to base 16
7348
Convert -2135 (base 6) to base 8.
-753
Convert 325 (base 15) to base 6.
3142
2202 (base 4) to base 14
b8
What is -1110121102 (base 3) in base 10?
-28874
-20013 (base 6) to base 10
-2601
What is -1130012 (base 4) in base 6?
-43142
What is 12303 (base 5) in base 9?
1268
Convert -2bb (base 12) to base 6.
-1555
2915 (base 16) to base 7
42443
Convert -12010221 (base 3) to base 12.
-2207
-10747 (base 13) to base 8
-72153
What is -624 (base 8) in base 3?
-112222
-14222 (base 7) to base 2
-111100101111
What is -123054 (base 7) in base 12?
-11159
1000100020 (base 3) to base 6
232140
Convert -10162 (base 8) to base 12.
-252a
What is -22805 (base 10) in base 7?
-123326
Convert 1011001111011 (base 2) to base 8.
13173
Convert 10443 (base 8) to base 2.
1000100100011
-3eac (base 15) to base 10
-13437
What is -296d (base 14) in base 10?
-7349
What is 5028 (base 13) in base 14?
4031
-1002112001 (base 3) to base 7
-116512
Convert -11c1 (base 13) to base 7.
-10233
Convert -1132221 (base 4) to base 8.
-13651
Convert 1424 (base 6) to base 14.
1cc
98 (base 16) to base 7
305
What is 1001110 (base 2) in base 3?
2220
19782 (base 10) to base 8
46506
Convert -110110 (base 2) to base 8.
-66
13001 (base 4) to base 5
3244
Convert -100000100111011 (base 2) to base 7.
-66454
-2a707 (base 11) to base 2
-1010100110110110
Convert 1203212 (base 4) to base 8.
14346
Convert -7b44 (base 15) to base 2.
-110011000110100
1398 (base 14) to base 16
d8a
Convert 37d2 (base 15) to base 3.
121022122
-765 (base 9) to base 13
-392
Convert 228 (base 11) to base 15.
132
What is 7213 (base 13) in base 3?
210120201
What is -241 (base 11) in base 2?
-100011111
1272 (base 8) to base 16
2ba
Convert fe (base 16) to base 11.
211
What is 69 (base 11) in base 2?
1001011
What is 4702 (base 8) in base 10?
2498
Convert 12520 (base 9) to base 11.
6385
What is -3cc (base 14) in base 5?
-11033
-1200010 (base 3) to base 6
-5350
8350 (base 15) to base 8
66146
210211 (base 3) to base 2
1001001101
What is -1131 (base 11) in base 15?
-691
What is 10010110 (base 2) in base 8?
226
10202 (base 9) to base 8
15105
97 (base 14) to base 13
a3
Convert -47b (base 16) to base 5.
-14042
Convert -3409 (base 13) to base 7.
-30133
347 (base 16) to base 10
839
-689 (base 16) to base 3
-2021222
Convert 399 (base 15) to base 13.
4b0
-14101 (base 5) to base 12
-7bb
-6518 (base 13) to base 6
-145012
What is -52733 (base 8) in base 7?
-121036
-670 (base 8) to base 16
-1b8
What is -1230 (base 5) in base 3?
-21001
Convert -6e03 (base 15) to base 11.
-16646
Convert 151017 (base 8) to base 12.
27153
What is 1598a (base 11) in base 9?
33751
What is 31a (base 14) in base 15?
2ac
Convert -2122 (base 3) to base 9.
-78
-1032 (base 7) to base 16
-16e
What is 1300331 (base 4) in base 14?
28c5
Convert -1010222 (base 3) to base 2.
-1101000100
Convert -a04 (base 15) to base 13.
-1045
-1334 (base 5) to base 4
-3123
Convert -1000 (base 16) to base 12.
-2454
Convert -32599 (base 13) to base 5.
-10403143
What is cb (base 14) in base 10?
179
What is b45 (base 15) in base 9?
3432
-46403 (base 7) to base 9
-17238
-203212 (base 6) to base 5
-1010110
Convert 33b (base 15) to base 8.
1333
Convert 213a (base 14) to base 15.
1a76
Convert -1317 (base 9) to base 12.
-6a4
-15741 (base 8) to base 15
-21ac
What is 2276 (base 8) in base 7?
3353
What is -675 (base 10) in base 16?
-2a3
Convert -40a5 (base 14) to base 8.
-25561
1c0a4 (base 14) to base 4
101131000
What is -3936 (base 15) in base 2?
-10111110101001
Convert -22121101 (base 3) to base 10.
-6274
Convert -768 (base 13) to base 15.
-599
-46b (base 13) to base 11
-636
101011 (base 3) to base 9
334
What is -3231230 (base 4) in base 14?
-5788
Convert -435542 (base 6) to base 4.
-20312312
1101101 (base 3) to base 12
701
Convert -4609 (base 10) to base 11.
-3510
Convert -1707 (base 9) to base 15.
-5bd
What is -1608 (base 16) in base 5?
-140030
8d3e (base 15) to base 14
acda
20320302 (base 4) to base 16
8e32
Convert 5c7 (base 16) to base 8.
2707
What is -179 (base 12) in base 11?
-1a6
-4c5 (base 13) to base 15
-3ac
What is -580 (base 9) in base 6?
-2113
2201001 (base 3) to base 12
1184
-11534 (base 14) to base 7
-233664
137 (base 9) to base 10
115
Convert -5171 (base 8) to base 9.
-3608
-127e (base 16) to base 8
-11176
322 (base 13) to base 2
1000010111
What is -64 (base 13) in base 3?
-10001
2210012 (base 3) to base 9
2705
What is 6b2 (base 13) in base 7?
3244
What is -1014 (base 7) in base 5?
-2404
What is -12313 (base 4) in base 16?
-1b7
150070 (base 8) to base 16
d038
What is 100011000 (base 2) in base 5?
2110
-31004 (base 5) to base 2
-11111010100
What is 2349 (base 14) in base 5?
144031
What is 171 (base 14) in base 10?
295
17697 (base 11) to base 7
132163
Convert c1c2 (base 13) to base 16.
6843
Convert -160 (base 14) to base 3.
-101101
54383 (base 9) to base 14
d1c3
What is -12300303 (base 4) in base 3?
-1101222220
Convert 2110212 (base 3) to base 14.
92d
What is -495 (base 10) in base 16?
-1ef
Convert -948 (base 10) to base 16.
-3b4
Convert 311110 (base 4) to base 13.
1726
What is 102220 (base 3) in base 2?
101000001
What is 1111210110 (base 3) in base 9?
44713
-202 (base 13) to base 2
-101010100
What is -208 (base 10) in base 16?
-d0
Convert 28c0 (base 13) to base 9.
8077
1100010000000011 (base 2) to base 4
30100003
What is -83 (base 14) in base 13?
-8b
1a0d (base 15) to base 11
4266
What is -9b08 (base 12) in base 13?
-7a5a
Convert 2426 (base 9) to base 12.
1066
What is 4aa (base 16) in base 6?
5310
Convert -75a (base 14) to base 8.
-2654
Convert -200023 (base 4) to base 3.
-2211021
1274 (base 8) to base 14
380
What is -345 (base 13) in base 9?
-686
What is -2 (base 16) in base 14?
-2
Convert 445 (base 10) to base 16.
1bd
What is 713 (base 10) in base 7?
2036
2430 (base 6) to base 11
4a0
What is 6b9b (base 13) in base 16?
3b41
What is -24433 (base 5) in base 12?
-10b8
Convert -94b7 (base 13) to base 3.
-1001020221
Convert -11376 (base 12) to base 5.
-1213421
Convert c99d (base 14) to base 11.
24195
-3439 (base 13) to base 10
-7315
What is -1110011212 (base 3) in base 4?
-12332102
42298 (base 11) to base 5
3432300
-10326 (base 13) to base 8
-70654
Convert -13330 (base 4) to base 11.
-422
-10410 (base 5) to base 12
-50a
-100101000000110 (base 2) to base 7
-106151
What is -132b (base 16) in base 9?
-6652
Convert -18b28 (base 13) to base 14.
-1370a
Convert 210300 (base 5) to base 10.
6950
-2440 (base 8) to base 14
-69a
-206 (base 11) to base 5
-1443
1282 (base 13) to base 3
10121211
-1d3 (base 16) to base 14
-255
What is 623 (base 15) in base 14?
70b
Convert -374 (base 12) to base 10.
-520
Convert 2310 (base 12) to base 3.
12100110
Convert 2134 (base 6) to base 2.
111101010
What is 965 (base 11) in base 15?
525
Convert -3031112 (base 4) to base 5.
-410032
What is 34876 (base 10) in base 15?
a501
What is -133d (base 16) in base 3?
-20202102
-24345 (base 10) to base 6
-304413
What is -2484 (base 9) in base 2?
-11101000010
What is 2220111 (base 3) in base 12?
1287
Convert 349 (base 13) to base 6.
2344
-102130 (base 5) to base 11
-2625
What is -85d (base 14) in base 8?
-3163
What is -338 (base 14) in base 6?
-2542
-145 (base 11) to base 7
-332
Convert 1691 (base 11) to base 4.
201231
Convert -25221 (base 8) to base 16.
-2a91
1132302 (base 4) to base 16
17b2
What is -1221101 (base 4) in base 16?
-1a51
a1d (base 15) to base 6
14314
What is -102220211 (base 3) in base 11?
-658a
What is 3199 (base 10) in base 11?
2449
What is -1300123 (base 4) in base 5?
-212240
What is -110111011110 (base 2) in base 6?
-24234
Convert -5164 (base 10) to base 13.
-2473
2758 (base 15) to base 16
20d8
Convert 113 (base 7) to base 4.
323
What is 16a9 (base 14) in base 4?
333211
What is -1660 (base 7) in base 10?
-679
3008 (base 12) to base 13
2495
Convert -225 (base 12) to base 9.
-382
Convert -9aa6 (base 15) to base 11.
-226a1
-17c (base 15) to base 10
-342
Convert 7a7 (base 12) to base 10.
1135
What is 310030 (base 5) in base 8?
23437
-12212 (base 4) to base 7
-1142
Convert -1739 (base 15) to base 8.
-11614
What is 45440 (base 6) in base 9?
8736
What is 12592 (base 10) in base 5